+ 2?
-4
Evaluate (24 - 19 - (5 + 1)) + 1.
0
What is 20 + -12 + -3 - -1?
6
Calculate -12 + 4 + 3 + 10.
5
What is the value of -7 + (5 + 1 - 0)?
-1
What is the value of 1 - (5 - (-2 - -2))?
-4
-10 - -6 - (2 + -3)
-3
-12 + 2 - -14 - 8
-4
Evaluate -7 + (12 + -13 - (1 + -5)).
-4
(-29 - -36) + 2 + -4
5
Calculate (-3 - 1) + 1 + 1 + -1.
-3
Calculate -1 + -4 + -3 - -3.
-5
What is the value of 11 - ((12 - 11) + 4)?
6
Calculate -2 + (-2 - (0 - 5)).
1
What is the value of -54 + 53 - (0 - (0 + 1))?
0
What is -3 - -4 - 0 - -2?
3
(-17 - -4) + (-2 - -11)
-4
What is the value of -2 - -1 - (-6 - 2 - -2)?
5
What is the value of -174 + 176 - ((1 - 0) + -1)?
2
Calculate 1 - -9 - (35 + -20).
-5
-6 - 0 - (-32 - -19)
7
Calculate 3 + -10 - ((2 - 0) + -4).
-5
(7 - (2 - 1)) + -170 + 167
3
Evaluate (-4 - (0 + (-4 - 0))) + 1.
1
-13 - (3 - 14) - (2 - 0)
-4
Calculate 8 - (-3 + 3 + 8).
0
1 + -1 + 2 - (102 + -99)
-1
Calculate 5 + (-5 - -2 - 6).
-4
(-10 - -22) + -1 - 10
1
What is -6 + 5 + 0 - 1?
-2
3 + 0 + -3 + 2 - 8
-6
-14 - ((1 - 0) + -20)
5
-14 - -23 - (-6 - -26)
-11
Evaluate 1 + -3 - (1 + -3).
0
-6 + 3 + (15 - 7) - 2
3
What is 7 - (-8 + (3 - -5))?
7
15 + -16 - (-8 + -2 + 3)
6
Evaluate 2 + (1 - -2) - 3.
2
Calculate 4 + 1 + (6 - 7).
4
Evaluate -6 + (10 - 7) - -4.
1
Calculate 21 + (-14 - 1) + 0 + -4.
2
Calculate 21 - (-6 + 11 - -8).
8
Calculate -12 - -4 - -10 - -3.
5
What is 1 - -7 - (4 + 1)?
3
1 + -1 + 7 - (192 - 182)
-3
Calculate -1 + (2 - 1) + 5 + -7.
-2
-1 + -1 + 3 - (2 + 0)
-1
What is the value of -5 + 4 - (-1 - 0 - 0)?
0
What is the value of (4 - 2) + 4 + -2?
4
What is 1 + -1 + (-2 - -2 - 3)?
-3
What is 6 + (-5 - (12 + -9))?
-2
Calculate (-8 - -1) + 2 + 9 + -8.
-4
-6 + -7 + (20 - 3)
4
What is 5 + 1 + (-21 - -3) + 7?
-5
What is the value of -1 + (4 - (-4 - (-2 - 2)))?
3
Evaluate 6 - (-11 - (-1 + -11)).
5
1 - (3 + 0 + -4)
2
What is (1 - -8) + -16 - -17?
10
-2 + 0 + 1 - (-60 + 60)
-1
Calculate 1 - (1 - 0 - -4).
-4
What is (-1 - 2) + -1 + 2 - 0?
-2
Evaluate (1 - 2) + (0 - 2) + -2.
-5
What is 2 + 5 + -1 + -2?
4
What is the value of 2 - (-2 - 2) - 3 - 0?
3
What is -5 + (23 + -18 - (6 + 0))?
-6
Evaluate (-1 - -1 - -3) + 4 - 3.
4
Evaluate 3 - (-7 + 6 - -3).
1
9 + (4 + -11 - (-3 + -3))
8
What is the value of 5 + -8 + (3 - 0)?
0
Calculate (2 - 3) + 5 + 0.
4
-1 - (4 + -13 - -9)
-1
What is -4 + (7 - -4) + -1?
6
Calculate (-1 + -3 - -5) + 3.
4
-6 + -2 + (4 - -2)
-2
Calculate -4 - (0 + -6 + 6).
-4
What is the value of 10 - 9 - -8 - 6?
3
What is the value of 2 + 0 - (2 - -1)?
-1
What is 4 + (-2 - 3) - -2?
1
Evaluate (6 - (4 + 1)) + -6.
-5
What is the value of -6 + -1 + 4 + -6?
-9
What is the value of -2 + 0 - (6 + (10 - 13))?
-5
What is the value of 2 + -1 - (2 - -4) - -3?
-2
What is -29 + 34 + (-3 - 0)?
2
11 + -5 - (-1 - -6) - 5
-4
What is 0 - (-1 - (-10 - (6 - 13)))?
-2
What is the value of (-14 - -1) + (20 - 13)?
-6
Evaluate -3 + (-5 + -4 - -10) - 0.
-2
Calculate 3 - (1 - 7) - 1 - 11.
-3
Calculate -4 + 9 - (-2 - -4 - -6).
-3
Evaluate 4 - (3 + (3 - 7)).
5
What is -1 + 0 + 5 - (4 - 0)?
0
Evaluate 0 + 2 + 51 + -46.
7
What is 9 + -7 + (-3 - -3)?
2
What is -7 - (0 + (-1 - 9))?
3
What is the value of 4 + (7 + -13 - -1)?
-1
1 + -3 + (1 - -1) - 0
0
5 + -2 - 0 - (9 - 9)
3
Evaluate -2 - (12 + -14 - (1 - 2)).
-1
What is the value of (12 - 2 - 5) + 2 + -7?
0
Evaluate 0 - 0 - 1 - (-1 - 4).
4
Evaluate -1 - (-3 + (0 - 5) + 3).
4
What is the value of -9 - (-3 + 4 + -5)?
-5
Evaluate 0 - (2 - (-4 - -2)).
-4
Calculate -7 - (1 + -8 + -4).
4
What is 1 + (5 - 9) + -4 - -2?
-5
What is 0 + 2 + (-1 - 1) + -2?
-2
What is the value of -3 - 0 - (-1 + 0)?
-2
Evaluate 1 + 7 + -2 + -12.
-6
-2 - (-6 - (-3 - -5) - 2)
8
Evaluate (9 - 10) + (3 - (2 + 2)).
-2
Evaluate (-4 - -5) + 8 + -7.
2
Evaluate -4 - (-2 + (0 + -6 - -3)).
1
Evaluate (-2 - (1 + 4)) + -4 - -6.
-5
Evaluate (-5 + 8 - 6) + 0.
-3
What is the value of (-6 - -2) + -1 + 4 + 1?
0
What is the value of (10 - 12) + (0 - 1)?
-3
What is the value of (14 + -3 - (8 - 2)) + -4?
1
Calculate -11 + -3 - (-15 - -8).
-7
What is -1 - (-3 + 2) - (3 - 1)?
-2
What is -1 - -6 - 5 - (0 - -3)?
-3
Calculate 1 + (-1 - (-2 - -6)) + 0.
-4
Evaluate -18 + 14 + -1 + 11.
6
(-4 - 6) + (-10 - -24)
4
Calculate -4 + -2 + -1 + 5.
-2
Calculate -3 + -4 + 5 + 0 + 3.
1
What is -3 + (3 - (3 + 0)) + 7?
4
0 + (-2 - 2) + 2
-2
Calculate 55 + -59 - (-12 - -1).
7
What is 5 - (21 + -12 - (-2 + 3))?
-3
-6 - (-4 + 1 - 2) - -4
3
What is the value of (7 - (-1 + 9)) + -7 + 0?
-8
Evaluate 6 + (12 - 8 - 2) + -13.
-5
What is the value of -4 + 0 + 11 + -3?
4
What is -3 + -2 + -6 + 12?
1
Evaluate -1 + 0 - (0 + 1 + 2).
-4
Calculate 11 + -15 - (0 - 8).
4
Calculate -2 + -1 - (-2 - (4 - 14)).
-11
Evaluate 7 - (-6 + 11) - -1.
3
What is the value of (0 + -1 - (2 - 7)) + -6?
-2
What is the value of 1 - ((1 - 3) + -1)?
4
7 - (-2 + -1 + (6 - 1))
5
1 - 6 - (-13 - -6 - -5)
-3
Calculate (-7 + (11 - -7) - 6) + -5.
0
Evaluate -4 + 2 + 0 + (0 - 1).
-3
Evaluate -4 + (4 - (1 - 1)).
0
Calculate (-1 - 0) + 4 + 1.
4
What is the value of 2 + -4 - (0 - 6)?
4
3 - (-3 + 3 + -3 - -2)
4
What is the value of (4 - 2) + -5 + 2 + 1?
0
Evaluate -3 + (6 - 3) + 3 + -4.
-1
What is the value of -9 + 0 + 7 + -1?
-3
What is the value of (-6 - -10) + (-2 - 7) + 1?
-4
Evaluate 3 + (-7 + -1 - -11) - 14.
-8
13 + 0 + (-17 - -14 - 3)
7
Calculate (5 - -10) + 8 - 13.
10
What is (2 - -2 - 8) + 9?
5
What is (-6 - -1) + 8 + 4 + 1?
8
What is -15 + 14 - (-4 + 0)?
3
What is -7 - (2 - 4 - 2)?
-3
What is (-2 - -9) + 4 + 0?
11
0 + 2 + 5 + -6 - -2
3
What is (1 - (12 + -5)) + 2 + 0?
-4
What is -4 + (-8 - -3) + 7 + -7?
-9
Evaluate 2 + -15 + (18 - 7).
-2
What is (-5 - (4 - 7)) + -2?
-4
Calculate 10 + 8 + -14 + -9.
-5
1 - -3 - -3 - (16 - 11)
2
8 + -4 - (2 + 1)
1
-7 - (-11 + 5 + 2)
-3
3 - 11 - (14 + -13)
-9
-2 - (9 + -13 + -4)
6
-154 + 158 - (-4 - -2 - -2)
4
-15 + 3 - (-12 + (8 - 1))
-7
What is the value of 2 + (3 - 8) + -2?
-5
Evaluate 9 - (-6 - -6 - -1).
8
What is the value of 4 - (12 + -4 - -1)?
-5
Calculate -4 - ((18 - 8) + -21).
7
What is the value of -7 + 0 + 8 - (0 + 1)?
0
Calculate 8 - 3 - (3 - -2).
0
What is 1 + 6 + -121 + 123?
9
Calculate 2 + -2 + 3 + (-15 - -7).
-5
(2 - 3 - -4) + -4 + 2
1
Calculate (-19 - -30) + 2 + -10.
3
What is (6 - 5) + -8 - -8?
1
What is the value of (-70 - -79) + -12 + 2?
-1
Calculate -9 + -11 + 21 - -3.
4
Evaluate -10 + 9 + (-10 - -14).
3
-5 + 0 - (-5 + -3 - -6)
-3
Calculate -4 + (-8 - (-2 - 2 - 12)).
4
What is -3 - (0 - (-6 + 13)) - -3?
7
What is 4 - 1 - ((3 - -6) + -6)?
0
What is 9 + -4 - (5 - (-1 + 0))?
-1
Evaluate (-4 + 1 - 5 - -6) + 2.
0
Calculate 4 + 0 - (7 + 8 + -5).
-6
Evaluate (0 - 0) + (-2 - 0) - 4.
-6
-21 + 6 - -7 - (4 + -14)
2
What is the value of 1 + -2 + 5 - (-3 + 4)?
3
What is the value of -6 - (-7 + 2 + 2 + -1)?
-2
Calculate (4 - 0 - 9) + -6.
-11
Evaluate 7 + (2 - (6 - (8 - 4))).
7
-9 - (-8 - (-5 + 1))
-5
Calculate -3 + 1 + -3 - (13 - 16).
-2
1 + 5 - -1 - (-17 - -16)
8
(7 - (-7 - -10)) + -2
2
What is the value of 7 + -2 + 3 + -6 + 1?
3
Calculate -1 - (-2 - (-6 - -4)).
-1
Calculate 2 - 6 - (22 + -27).
1
3 + -11 + 1 + -3 + 5
-5
What is (-2 - (0 - -2)) + 0?
-4
What is (0 - -2) + 2 + -6 + 3?
1
3 + (-1 - (2 - 4)) + 1
5
What is the value of -11 + 14 + -2 + -1?
0
(-4 + 9 - -6) + -8
3
(1 - 6) + (5 - 0 - 4)
-4
Calculate -5 + (2 - 4) - (3 + -5).
-5
Calculate -2 - (-2 - -3) - (2 - 2).
-3
(2 + -2 - 4) + (9 - 5)
0
Calculate -3 - (13 + -11 + (-7 - -11)).
-9
Calculate 11 - (1 + -2 + 7).
5
Evaluate -2 + (5 - 9) - -2.
-4
Calculate 5 + -10 - (1 + -2 + -2).
-2
-1 - (-1 - (-7 - 2 - -5))
-4
Evaluate -3 + (-13 - -7 - (-7 - 2)).
0
Evaluate 4 - (6 - (4 + 0)).
2
What is the value of 7 - (8 - (1 - -2))?
2
Calculate -1 + 0 - ((0 - 2) + -2).
3
-8 - -3 - -2 - (-3 + -5)
5
Calculate -8 - -9 - (3 + -1 - 3).
2
Calculate (-4 - (6 - 15)) + -2.
3
What is -7 + -1 + 3 + 0?
-5
What is the value of 3 + (-2 - 1 - 2) + 2?
0
(3 + -1 - (6 + -4)) + 0
0
What is -5 + (20 - 5 - 5)?
5
What is -2 + 4 + -13 - (-9 + 9)?
-11
Calculate -2 - (1 + (4 - 5)).
-2
-6 + (19 - 9) + -7
-3
What is 0 - (1 - -2 - (-4 - -4))?
-3
Evaluate -5 - -2 - (-6 - -8).
-5
Calculate 7 + 0 + (12 - 15).
4
What is the value of 5 - (-1 - (-1 - (0 - 0)))?
5
What is (0 - (-4 + 5)) + 0?
-1
8 + 11 + (-3 - 9)
7
What is (-2 - 1) + (-9 - (-3 - 15))?
6
What is the value of 1 + 6 + -2 - -1?
6
What is the 